q**3 + q**2 - q - 1. Calculate the remainder when x(w) is divided by 7.
6
Let t(z) = z**3 + 8*z**2 + 6*z - 9. Let d be t(-7). Calculate the remainder when -6*((-60)/(-9))/(-2) is divided by d/(-4) + (-42)/(-4).
9
Let y = 15 - 9. Let g(n) = n. Let v be g(2). Suppose v*h - y = -0*h. What is the remainder when 7 is divided by h?
1
Let n(g) = -g**3 - 17*g**2 + 16*g - 8. What is the remainder when 94 is divided by n(-18)?
10
Let v(b) = b - 2. Let p be v(0). Let w = p - -8. Calculate the remainder when 21 is divided by w.
3
What is the remainder when 20/5 + (-57)/(-1) is divided by 16?
13
Let l(w) = 5 + 2*w**2 + 1 - 3*w**2 + 6*w. What is the remainder when 23 is divided by l(6)?
5
Let t be -1 + 26 - 0/(-8). Suppose p = 27 + t. Calculate the remainder when (p/(-3))/(2/(-6)) is divided by 18.
16
Let n = 42 + 70. Suppose -2*t = -3*u - 49, -3*u + n = -0*t + 5*t. Let f = t + -10. What is the remainder when 38 is divided by f?
12
Suppose 33 = -7*b + 334. Calculate the remainder when b is divided by 23.
20
Suppose -8*f = -4*f - 8. Let w = 0 - 2. What is the remainder when f is divided by (-3)/(-6)*w*-2?
0
Let g = 5 + -2. Calculate the remainder when (4/(-6) - 1)*-3 is divided by g.
2
Let w = 150 - 98. Calculate the remainder when w is divided by 18.
16
Calculate the remainder when 29 is divided by (2 + 10)*(-6)/(-4).
11
Let t(y) = y**2 - 5*y - 3. Let l be t(5). What is the remainder when 3 is divided by 4 - (0 - 6)/l?
1
Let q(g) = g**2 + 3*g - 7. Let u = 2 - 0. Let i = 6 - u. What is the remainder when q(-6) is divided by i?
3
Let s = -2 + 7. Suppose 2*t + 14 - 2 = 2*u, -s*u = -t - 26. Calculate the remainder when u is divided by 4.
1
Let l(b) = -b**3 - 22*b**2 - 43*b + 33. Calculate the remainder when l(-20) is divided by 16.
13
Suppose 25 = 2*x + 3*x. Suppose 2 = x*h - 13. What is the remainder when h is divided by 2?
1
Suppose 7*l + 20 = 12*l. Suppose -l = 2*u, -2*u = 2*v + v - 5. Calculate the remainder when v is divided by 1.
0
What is the remainder when 33 is divided by ((-2)/(-8))/((-13)/(-884))?
16
Let i = -72 + 87. What is the remainder when 44 is divided by i?
14
Suppose 11 + 22 = 3*b. Suppose -5*r + v - 5 = -4*v, -5*r = -2*v + 2. Suppose r = -0*x + x - 31. Calculate the remainder when x is divided by b.
9
Let l(k) = 17*k**2 - k + 3. Let i be l(3). Suppose -4*t + i = m, -5*m + 0*m = -t + 12. Suppose 2*w - 15 = 11. What is the remainder when t is divided by w?
11
Suppose 2*i = -p + 26, -43 = 3*p + 4*i - 123. Calculate the remainder when p is divided by 10.
8
Let o = -6 + 16. Suppose 0 = -5*r - 0*r + o. Suppose -r*s - s + 6 = 0. What is the remainder when s is divided by 1?
0
Suppose 0 = 2*q - 4*c - 136, 8*q - c - 139 = 6*q. Suppose 2*x - 24 = 4*h, -3*x + 63 = 2*h + h. Calculate the remainder when q is divided by x.
16
Let f(p) = -p - 3. Let c be f(-4). Let t = c - 10. Calculate the remainder when 2 is divided by (-6)/t + (-2)/(-6).
0
Suppose 4*u + 5*i = -15, -3*u + 4*i + 0*i = -12. Suppose u*w - 18 = -3*w. What is the remainder when 11 is divided by w?
5
Suppose 9*l - 690 = -222. What is the remainder when l is divided by 6?
4
Suppose -3*r + 3*j - 70 = -5*r, -201 = -5*r - j. Calculate the remainder when r is divided by 11.
8
Suppose -a + 4 = -4. Suppose 2*z - 112 = -a. Calculate the remainder when z is divided by 11.
8
Suppose -5*z + 191 = 6. Suppose z = 4*p + 3*t, t + 32 = 3*p - t. What is the remainder when 29 is divided by p?
9
Suppose 2*h = 5*i - 40, 0 = -3*i + i + h + 16. Let q(g) = g - 2. Calculate the remainder when q(i) is divided by 4.
2
Let g be 234/3 - (5 - 2). Suppose 5*m - 47 = -2*h, g + 92 = 5*h - 4*m. Calculate the remainder when h is divided by 17.
14
Let b(h) = 2*h**2 - 15*h - 10. Calculate the remainder when 99 is divided by b(9).
14
Let g(s) = 2*s**2 + 12*s - 4. Calculate the remainder when 249 is divided by g(-9).
49
Suppose 4*j = j + 24. Suppose 6*i - 168 = -36. What is the remainder when i is divided by j?
6
Let k(v) = -3*v + 1. Suppose 24 = q + 4*p - 2*p, 0 = -4*q - 4*p + 76. Suppose -3*g = 4 + q. Calculate the remainder when k(g) is divided by 7.
5
Let b = -58 + 35. Let t = 45 + b. What is the remainder when 64 is divided by t?
20
Let i(o) = -15*o - 1. Let d(h) = h**3 + 5*h**2 - h + 7. Calculate the remainder when i(-3) is divided by d(-5).
8
Let b(d) = -d**3 + d**2 - d + 40. Suppose -u = -5*j - 14, -j + 32 = 3*u - 10. Calculate the remainder when b(0) is divided by u.
12
Let m = 54 - 35. What is the remainder when 73 is divided by m?
16
Suppose 10*j - 25 = 5*j. Let b be 10/(-5) + (-2)/(-1). Suppose c + 0*c + 46 = 5*x, -2*x - 4*c + 14 = b. Calculate the remainder when x is divided by j.
4
Let p = 16 - -110. What is the remainder when p/(-4)*36/(-27) is divided by 11?
9
Let p = 37 + -49. Let m be ((-18)/8)/((-3)/(-12)). Let s = m - p. What is the remainder when 9 is divided by s?
0
Suppose -5*d = -v - 37 - 30, 2 = -v. Calculate the remainder when 63 is divided by d.
11
What is the remainder when -13 + 51 + 4*1 is divided by 12?
6
Suppose 0 = 4*c - 17 - 63. What is the remainder when 79 is divided by c?
19
Let x be 2 + -1 + -3 + 2. Suppose 3*v - 23 - 13 = x. Suppose -68 - 42 = -5*c. What is the remainder when c is divided by v?
10
Let r(g) = 4*g**2 + g - 5. What is the remainder when r(-4) is divided by (-4 + 3 - -2)*1*14?
13
Suppose 4*c + 29 - 1 = -z, 3*z + 18 = -c. Suppose r = -5*u - 6 + 81, -r = u - 15. Calculate the remainder when 340/12 + c/(-9) is divided by u.
14
Let c = 26 + -14. Let j = c + 20. Let w(a) = -a**2 - 13*a - 19. What is the remainder when j is divided by w(-9)?
15
Let h = 26 - 21. Suppose 138 = h*j - 12. What is the remainder when j is divided by 8?
6
Let s(f) be the second derivative of 5/6*f**3 + 0 + 3*f - 3/2*f**2 + 1/12*f**4. What is the remainder when 40 is divided by s(-8)?
19
What is the remainder when (0 - -1 - -1) + 73 is divided by (-13)/((-1 - 1)/6)?
36
Suppose 8*d - 15 = 5*d. What is the remainder when 16 is divided by d?
1
Suppose -31 = -2*q + 3. Let y = q + 51. What is the remainder when y is divided by 23?
22
Let h be (20/14)/((-1)/(-7)). Let k(o) = -o + 3. Let x(z) = 1. Let w(u) = -k(u) + x(u). What is the remainder when 15 is divided by w(h)?
7
Suppose x - 3*a - 3 = 0, 7 = -3*x + 5*x - 5*a. Let i = x - -7. Let u(b) = 4*b + 9. What is the remainder when u(4) is divided by i?
12
Let v = -5 - -17. Let u be (6/(-4))/(1/v). Calculate the remainder when (-374)/u + 2/9 is divided by 6.
3
Let i be (68/(-10))/(2/10). Let a = i + 84. What is the remainder when a is divided by 246/15 - 21/(-35)?
16
Calculate the remainder when 131 is divided by -1*(-1 + -2)*11.
32
Let d = -80 + 85. Calculate the remainder when d is divided by 3.
2
Suppose -5*a + 0 + 10 = 0. Let m be 1/(-6) - (-194)/12. Suppose 0 = 4*f - m - 4. What is the remainder when f is divided by a?
1
Suppose -h + 3 = -39. Calculate the remainder when (21/h)/(1/122) is divided by 16.
13
Suppose x = 2*n - 11, 5*n - 3*n + 5*x = -19. Suppose b + 36 = n*s, -3*s + 8*s = b + 58. Calculate the remainder when 31 is divided by s.
9
Suppose 3*q - 2*d = 1, -q = q - 5*d - 8. What is the remainder when 9*(q + 4 - 2) is divided by 4?
1
Suppose 10*t = 11*t - 2, s - 2*t = 16. Suppose 4*v - 2*f = 314, 5*f + 106 = -2*v + 257. What is the remainder when v is divided by s?
18
Suppose 5*t - 341 = -6*t. What is the remainder when t is divided by 11?
9
Let d be -4 + -2 + (-8)/(-4). What is the remainder when 39 is divided by 12 + -2 + (d - -4)?
9
Let b(f) = 2*f + 1. Let t be b(-4). Suppose 0 = -r - 5 + 18. What is the remainder when r is divided by -28*1*t/28?
6
Suppose -4*d = -31 - 9. Suppose k + 1 = -v, 4*k - 20 = 5*v + 6*k. Let s = v + 25. Calculate the remainder when s is divided by d.
9
Let z = -95 + 174. Suppose 2*q = 3*q. Suppose 4*v - z - 37 = q. Calculate the remainder when v is divided by 15.
14
Let q = -72 + 84. What is the remainder when q is divided by 7?
5
Suppose -6*a - 4*l + 18 = -3*a, 2*l + 2 = 4*a. Let d(q) = -q**2 - 9*q + 4. What is the remainder when d(-9) is divided by a?
0
Suppose 0*s + n = -3*s + 25, 2*s - 26 = -3*n. Suppose -s*i + 2*i + 310 = 0. What is the remainder when i is divided by 13?
10
Let q(t) = -t**2 - 16*t - 6. Calculate the remainder when q(-13) is divided by 9.
6
Calculate the remainder when -5 + 760/25 - (-4)/(-10) is divi